{"id":998,"date":"2024-06-19T14:55:52","date_gmt":"2024-06-19T12:55:52","guid":{"rendered":"http:\/\/ceinturealimentairenamuroise.be\/?page_id=998"},"modified":"2025-08-07T17:59:26","modified_gmt":"2025-08-07T15:59:26","slug":"maison-de-lalimentation-mad","status":"publish","type":"page","link":"http:\/\/ceinturealimentairenamuroise.be\/?page_id=998","title":{"rendered":"Maison de l&rsquo;Alimentation (MAD)"},"content":{"rendered":"\t\t<div data-elementor-type=\"wp-page\" data-elementor-id=\"998\" class=\"elementor elementor-998\">\n\t\t\t\t\t\t<section class=\"elementor-section elementor-top-section elementor-element elementor-element-3123dd5 elementor-section-boxed elementor-section-height-default elementor-section-height-default\" data-id=\"3123dd5\" data-element_type=\"section\" data-e-type=\"section\">\n\t\t\t\t\t\t<div class=\"elementor-container elementor-column-gap-default\">\n\t\t\t\t\t<div class=\"elementor-column elementor-col-100 elementor-top-column elementor-element elementor-element-52267f33\" data-id=\"52267f33\" data-element_type=\"column\" data-e-type=\"column\">\n\t\t\t<div class=\"elementor-widget-wrap elementor-element-populated\">\n\t\t\t\t\t\t<div class=\"elementor-element elementor-element-16585c04 elementor-widget elementor-widget-text-editor\" data-id=\"16585c04\" data-element_type=\"widget\" data-e-type=\"widget\" data-widget_type=\"text-editor.default\">\n\t\t\t\t<div class=\"elementor-widget-container\">\n\t\t\t\t\t\t\t\t\t<p><img fetchpriority=\"high\" decoding=\"async\" class=\"size-medium wp-image-1404 alignleft\" src=\"http:\/\/ceinturealimentairenamuroise.be\/wp-content\/uploads\/2024\/11\/Visuel_MAD_en_PN-removebg-preview-300x264.png\" alt=\"\" width=\"300\" height=\"264\" srcset=\"http:\/\/ceinturealimentairenamuroise.be\/wp-content\/uploads\/2024\/11\/Visuel_MAD_en_PN-removebg-preview-300x264.png 300w, http:\/\/ceinturealimentairenamuroise.be\/wp-content\/uploads\/2024\/11\/Visuel_MAD_en_PN-removebg-preview.png 410w\" sizes=\"(max-width: 300px) 100vw, 300px\" \/>A l&rsquo;instar des projets li\u00e9geois et Carolo, Namur s&rsquo;est donn\u00e9 pareil outil de sensibilisation au grand public : une maison de l&rsquo;alimentation. Plus qu&rsquo;un simple comptoir d&rsquo;information comme le sont, par exemple, les Comptoirs de l&rsquo;\u00e9nergie, la MAD sera un lieu d&rsquo;information, de formation et d&rsquo;animation.<\/p>\n<p><!-- \/wp:paragraph -->\n\n<!-- wp:paragraph --><\/p>\n<p>Si le projet est \u00e0 l&rsquo;initiative de la Province de Namur, il est coordonn\u00e9 par un large partenariat.<br \/>En savoir plus : <a href=\"https:\/\/ensemble.province.namur.be\/ensemble-en-province-de-namur\/posts\/72443-maison-de-l-alimentation-durable-mad-en-province-de-namur\">Acc\u00e8s au site web provincial &#8211; cliquez ici<\/a><\/p>\n<p><!-- \/wp:paragraph -->\n\n<!-- wp:paragraph --><\/p>\n<p>&nbsp;<\/p>\n<p>&nbsp;<\/p>\n<p>La CAN a le grand plaisir d&rsquo;\u00eatre du nombre de ceux qui composent le comit\u00e9 de pilotage avec :<\/p>\n<p><!-- \/wp:paragraph -->\n\n<!-- wp:list --><\/p>\n<ul>\n<li style=\"list-style-type: none;\">\n<ul><!-- wp:list-item --><\/ul>\n<\/li>\n<\/ul>\n<p>&nbsp;<\/p>\n<ul>\n<li style=\"list-style-type: none;\">\n<ul>\n<li>la Province de Namur<\/li>\n<\/ul>\n<\/li>\n<\/ul>\n<p><!-- \/wp:list-item -->\n\n<!-- wp:list-item --><\/p>\n<ul>\n<li style=\"list-style-type: none;\">\n<ul>\n<li>la Ville de Namur (service Air, Climat, \u00e9nergie, Alimentation)<\/li>\n<\/ul>\n<\/li>\n<\/ul>\n<p><!-- \/wp:list-item -->\n\n<!-- wp:list-item --><\/p>\n<ul>\n<li style=\"list-style-type: none;\">\n<ul>\n<li>le CPAS de la Ville de Namur<\/li>\n<\/ul>\n<\/li>\n<\/ul>\n<p><!-- \/wp:list-item -->\n\n<!-- wp:list-item --><\/p>\n<ul>\n<li style=\"list-style-type: none;\">\n<ul>\n<li>le RAWAD, r\u00e9seau des acteurs de l&rsquo;Alimentation Durable<\/li>\n<\/ul>\n<\/li>\n<\/ul>\n<p><!-- \/wp:list-item -->\n\n<!-- wp:list-item --><\/p>\n<ul>\n<li style=\"list-style-type: none;\">\n<ul>\n<li>le RADIS, r\u00e9seau d&rsquo;Alimentation Durable dinantais, inclusif et solidaire<\/li>\n<\/ul>\n<\/li>\n<\/ul>\n<p><!-- \/wp:list-item -->\n\n<!-- wp:list-item --><\/p>\n<ul>\n<li style=\"list-style-type: none;\">\n<ul>\n<li>la FdSS &#8211; F\u00e9d\u00e9ration des Services sociaux<\/li>\n<\/ul>\n<\/li>\n<\/ul>\n<p><!-- \/wp:list-item -->\n\n<!-- wp:list-item --><\/p>\n<ul>\n<li style=\"list-style-type: none;\">\n<ul>\n<li>Le CLPS, Centre Local de Promotion de la Sant\u00e9 de la Province de Namur<\/li>\n<\/ul>\n<\/li>\n<\/ul>\n<p><!-- \/wp:list-item --><\/p>\n<p><!-- \/wp:list -->\n\n<!-- wp:paragraph --><\/p>\n<p>Le projet est \u00e9labor\u00e9 en concertation avec la population, dans le cadre de 3 conseils consultatifs organis\u00e9s sur le territoire de la Province.<\/p>\n<p><img decoding=\"async\" class=\"size-medium wp-image-1923 align center\" src=\"http:\/\/ceinturealimentairenamuroise.be\/wp-content\/uploads\/2025\/08\/486787727_978549321151369_9209883970767909158_n-300x124.jpg\" alt=\"\" width=\"300\" height=\"124\" srcset=\"http:\/\/ceinturealimentairenamuroise.be\/wp-content\/uploads\/2025\/08\/486787727_978549321151369_9209883970767909158_n-300x124.jpg 300w, http:\/\/ceinturealimentairenamuroise.be\/wp-content\/uploads\/2025\/08\/486787727_978549321151369_9209883970767909158_n-1024x424.jpg 1024w, http:\/\/ceinturealimentairenamuroise.be\/wp-content\/uploads\/2025\/08\/486787727_978549321151369_9209883970767909158_n-768x318.jpg 768w, http:\/\/ceinturealimentairenamuroise.be\/wp-content\/uploads\/2025\/08\/486787727_978549321151369_9209883970767909158_n-1536x636.jpg 1536w, http:\/\/ceinturealimentairenamuroise.be\/wp-content\/uploads\/2025\/08\/486787727_978549321151369_9209883970767909158_n-2048x848.jpg 2048w\" sizes=\"(max-width: 300px) 100vw, 300px\" \/><\/p>\n<p><!-- \/wp:paragraph -->\n\n<!-- wp:paragraph --><\/p>\n<p>Une pr\u00e9sentation plus large est \u00e0 lire ci-dessous<\/p>\n<p><!-- \/wp:paragraph -->\n\n<!-- wp:paragraph {\"align\":\"center\"} --><\/p>\n<p class=\"has-text-align-center\"><strong>Maison de l\u2019alimentation durable et inclusive de la Province de Namur<\/strong><\/p>\n<p><!-- \/wp:paragraph -->\n\n<!-- wp:paragraph --><\/p>\n<p>Les enjeux actuels en termes d\u2019autosuffisance alimentaire dans un contexte de crise \u00e9cologique, climatique, \u00e9nerg\u00e9tique, de sant\u00e9 et sociale, r\u00e9v\u00e8lent le besoin urgent de passer \u00e0 un autre mod\u00e8le d&rsquo;agriculture et d&rsquo;alimentation. L\u2019alimentation durable est reconnue comme un levier fondamental pour la lutte contre le r\u00e9chauffement climatique, contre l\u2019effondrement en cours de la biodiversit\u00e9 et a un impact important sur la sant\u00e9 des citoyen.nes, des agriculteurs et des agricultrices. L\u2019accessibilit\u00e9 \u00e0 une alimentation saine et durable n\u2019est malheureusement pas une \u00e9vidence. Or, celle-ci peut permettre une transition \u00e9cologique juste et solidaire en \u00e9tant d\u00e9velopp\u00e9e de mani\u00e8re inclusive.<\/p>\n<p><!-- \/wp:paragraph -->\n\n<!-- wp:paragraph --><\/p>\n<p>Le projet provincial de la MAD vise \u00e0 centraliser en un lieu, accessible \u00e0 toutes et tous, tout ce qui se vit en mati\u00e8re d&rsquo;alimentation durable et relocalis\u00e9e sur le territoire de la Province de Namur. Une vitrine ouverte et un centre permanent d&rsquo;informations, de sensibilisations et de formations th\u00e9oriques et pratiques.<\/p>\n<p><!-- \/wp:paragraph -->\n\n<!-- wp:paragraph --><\/p>\n<p>Laboratoire et vitrine socio-\u00e9conomique d\u2019exp\u00e9rimentation et de d\u00e9ploiement de l\u2019alimentation durable. La MAD est un outil, interface entre les citoyen.nes de la province de Namur, les productrices, producteurs locaux, et les initiatives visant une alimentation durable. Il s\u2019agit de d\u00e9couvrir, de tester et de s&rsquo;approprier les bonnes pratiques du syst\u00e8me alimentaire, de la production \u00e0 l\u2019assiette, en ce compris la protection de l&rsquo;environnement et la lutte contre le gaspillage alimentaire, avec une attention particuli\u00e8re \u00e0 faciliter l\u2019accessibilit\u00e9 d&rsquo;une alimentation durable aux personnes les plus vuln\u00e9rables et son rapport avec la sant\u00e9.\u00a0<\/p>\n<p><!-- \/wp:paragraph -->\n\n<!-- wp:paragraph --><\/p>\n<p>Le d\u00e9fi est de re-construire du lien entre la population, les actrices, acteurs du secteur agroalimentaire et les initiatives d\u00e9j\u00e0 existantes visant une alimentation durable et inclusive. Cette construction sera possible \u00e0 travers une approche syst\u00e9mique qui f\u00e9d\u00e8re et associe une multitude d\u2019acteurs de la Province travaillant sur l\u2019alimentation, qui les rend plus visibles, qui renforce les synergies d\u00e9j\u00e0 en place, avec une forme de gouvernance en intelligence collective autour de la co-construction d\u2019actions de sensibilisation, de formation et de promotion de l\u2019alimentation durable et inclusive.<\/p>\n<p><!-- \/wp:paragraph -->\n\n<!-- wp:paragraph --><\/p>\n<p><!-- \/wp:paragraph -->\n\n<!-- wp:paragraph --><\/p>\n<p><strong><em>1. Constats :<\/em><\/strong><\/p>\n<p><!-- \/wp:paragraph -->\n\n<!-- wp:list --><\/p>\n<ul>\n<li style=\"list-style-type: none;\">\n<ul><!-- wp:list-item --><\/ul>\n<\/li>\n<\/ul>\n<p>&nbsp;<\/p>\n<ul>\n<li style=\"list-style-type: none;\">\n<ul>\n<li>L\u2019alimentation est un \u00e9l\u00e9ment d\u00e9terminant de la sant\u00e9<!-- wp:list -->\n<ul>\n<li style=\"list-style-type: none;\">\n<ul><!-- wp:list-item --><\/ul>\n<\/li>\n<\/ul>\n<p>&nbsp;<\/p>\n<ul>\n<li style=\"list-style-type: none;\">\n<ul>\n<li>\u00a019 % des plus de 18 ans d\u00e9clarent un cholest\u00e9rol trop \u00e9lev\u00e9, 8 % un diab\u00e8te, 19 % de l\u2019ob\u00e9sit\u00e9 s\u00e9v\u00e8re, avec une aggravation de ces chiffres en fonction du niveau socio-\u00e9conomique ou d\u2019\u00e9ducation. L\u2019alimentation industrielle ultra transform\u00e9e apporte d\u00e9j\u00e0 un tiers des apports caloriques des m\u00e9nages belges (davantage chez les enfants et les jeunes) avec un risque sanitaire accru.\u00a0<\/li>\n<\/ul>\n<\/li>\n<\/ul>\n<p><!-- \/wp:list-item --><\/p>\n<p><!-- \/wp:list --><\/p>\n<\/li>\n<\/ul>\n<\/li>\n<\/ul>\n<p><!-- \/wp:list-item --><\/p>\n<p><!-- \/wp:list -->\n\n<!-- wp:list --><\/p>\n<ul>\n<li style=\"list-style-type: none;\">\n<ul><!-- wp:list-item --><\/ul>\n<\/li>\n<\/ul>\n<p>&nbsp;<\/p>\n<ul>\n<li style=\"list-style-type: none;\">\n<ul>\n<li>Apr\u00e8s Covid, d\u00e9sertion des mangeurs pour les produits alimentaires durables (locaux, de circuits courts, bios, \u00e9quitables, etc.).<\/li>\n<\/ul>\n<\/li>\n<\/ul>\n<p><!-- \/wp:list-item --><\/p>\n<p><!-- \/wp:list -->\n\n<!-- wp:list --><\/p>\n<ul>\n<li style=\"list-style-type: none;\">\n<ul><!-- wp:list-item --><\/ul>\n<\/li>\n<\/ul>\n<p>&nbsp;<\/p>\n<ul>\n<li style=\"list-style-type: none;\">\n<ul>\n<li>Accessibilit\u00e9 pour toutes et tous \u00e0 une alimentation durable non \u00e9vidente<!-- wp:list -->\n<ul>\n<li style=\"list-style-type: none;\">\n<ul><!-- wp:list-item --><\/ul>\n<\/li>\n<\/ul>\n<p>&nbsp;<\/p>\n<ul>\n<li style=\"list-style-type: none;\">\n<ul>\n<li>Augmentation de 18% de demande d\u2019aide aux banques alimentaires de la F\u00e9d\u00e9ration belge.<\/li>\n<\/ul>\n<\/li>\n<\/ul>\n<p><!-- \/wp:list-item -->\n\n<!-- wp:list-item --><\/p>\n<ul>\n<li style=\"list-style-type: none;\">\n<ul>\n<li>Un habitant sur quatre (25,8 %) vit dans un m\u00e9nage en situation de risque de pauvret\u00e9 ou d\u2019exclusion sociale . Cette situation a un impact direct sur la consommation d\u2019une alimentation \u00e0 moindre co\u00fbt et de moindre qualit\u00e9. Elle conduit aussi \u00e0 la pr\u00e9carit\u00e9 alimentaire comme l\u2019atteste le recours croissant \u00e0 l\u2019aide alimentaire.<\/li>\n<\/ul>\n<\/li>\n<\/ul>\n<p><!-- \/wp:list-item --><\/p>\n<p><!-- \/wp:list --><\/p>\n<\/li>\n<\/ul>\n<\/li>\n<\/ul>\n<p><!-- \/wp:list-item --><\/p>\n<p><!-- \/wp:list -->\n\n<!-- wp:list --><\/p>\n<ul>\n<li style=\"list-style-type: none;\">\n<ul><!-- wp:list-item --><\/ul>\n<\/li>\n<\/ul>\n<p>&nbsp;<\/p>\n<ul>\n<li style=\"list-style-type: none;\">\n<ul>\n<li>Crise \u00e9cologique et climatique g\u00e9n\u00e9rant une empreinte \u00e9cologique et une empreinte carbone, \u00e0 r\u00e9duire fortement !<!-- wp:list -->\n<ul>\n<li style=\"list-style-type: none;\">\n<ul><!-- wp:list-item --><\/ul>\n<\/li>\n<\/ul>\n<p>&nbsp;<\/p>\n<ul>\n<li style=\"list-style-type: none;\">\n<ul>\n<li>En Wallonie, l\u2019alimentation repr\u00e9sente 12 % de l\u2019empreinte carbone des m\u00e9nages, tout en jouant un r\u00f4le majeur dans la perte de la biodiversit\u00e9.\u00a0<\/li>\n<\/ul>\n<\/li>\n<\/ul>\n<p><!-- \/wp:list-item --><\/p>\n<p><!-- \/wp:list --><\/p>\n<\/li>\n<\/ul>\n<\/li>\n<\/ul>\n<p><!-- \/wp:list-item --><\/p>\n<p><!-- \/wp:list -->\n\n<!-- wp:list --><\/p>\n<ul>\n<li style=\"list-style-type: none;\">\n<ul><!-- wp:list-item --><\/ul>\n<\/li>\n<\/ul>\n<p>&nbsp;<\/p>\n<ul>\n<li style=\"list-style-type: none;\">\n<ul>\n<li>Autonomie alimentaire insuffisante en Province de Namur. Nombreux op\u00e9rateurs et projets en alimentation durable existants sur le territoire de la Province qui sont insuffisamment coordonn\u00e9s et mutualis\u00e9s.<\/li>\n<\/ul>\n<\/li>\n<\/ul>\n<p><!-- \/wp:list-item --><\/p>\n<p><!-- \/wp:list -->\n\n<!-- wp:paragraph --><\/p>\n<p><!-- \/wp:paragraph -->\n\n<!-- wp:paragraph --><\/p>\n<p><strong><em>2. Finalit\u00e9 et Objectifs strat\u00e9gique<\/em><\/strong><strong><em>s de la MAD<\/em><\/strong><\/p>\n<p><!-- \/wp:paragraph -->\n\n<!-- wp:paragraph --><\/p>\n<p>Finalit\u00e9 : Contribuer \u00e0 la transition vers une alimentation saine, durable, inclusive, et r\u00e9siliente en accompagnant les citoyennes et les citoyens de la Province dans leurs pratiques de production, transformation et consommation alimentaires.<\/p>\n<p><!-- \/wp:paragraph -->\n\n<!-- wp:paragraph --><\/p>\n<p><strong><em>Il faudra\u00a0:<\/em><\/strong><\/p>\n<p><!-- \/wp:paragraph -->\n\n<!-- wp:list --><\/p>\n<ul>\n<li style=\"list-style-type: none;\">\n<ul><!-- wp:list-item --><\/ul>\n<\/li>\n<\/ul>\n<p>&nbsp;<\/p>\n<ul>\n<li style=\"list-style-type: none;\">\n<ul>\n<li>Donner les cl\u00e9s de compr\u00e9hension afin de tendre vers une meilleure qualit\u00e9 de son alimentation pour sa sant\u00e9 et celle de la plan\u00e8te, pour l\u2019ensemble des citoyennes et citoyens, et d&rsquo;accro\u00eetre ses capacit\u00e9s d\u2019actions vers le changement en ce sens.<\/li>\n<\/ul>\n<\/li>\n<\/ul>\n<p><!-- \/wp:list-item -->\n\n<!-- wp:list-item --><\/p>\n<ul>\n<li style=\"list-style-type: none;\">\n<ul>\n<li>S\u2019adapter \u00e0 la demande et\/ou aux constats de besoins pouvant r\u00e9pondre \u00e0 cet objectif.\u00a0<\/li>\n<\/ul>\n<\/li>\n<\/ul>\n<p><!-- \/wp:list-item -->\n\n<!-- wp:list-item --><\/p>\n<ul>\n<li style=\"list-style-type: none;\">\n<ul>\n<li>S\u2019adapter \u00e0 la demande en fonction de celle-ci et des moyens \u00e0 disposition du projet.<strong>\u00a0<\/strong><\/li>\n<\/ul>\n<\/li>\n<\/ul>\n<p><!-- \/wp:list-item --><\/p>\n<p><!-- \/wp:list -->\n\n<!-- wp:paragraph --><\/p>\n<p><!-- \/wp:paragraph -->\n\n<!-- wp:paragraph --><\/p>\n<p><strong>5 <\/strong><strong>objectifs strat\u00e9giques :<\/strong><\/p>\n<p><!-- \/wp:paragraph -->\n\n<!-- wp:paragraph --><\/p>\n<p><strong>Objectif 1<\/strong> &#8211; Promouvoir et valoriser tout ce qui se vit en alimentation durable sur le territoire de la Province \u2194\u00a0<em>Caisse de r\u00e9sonance.<\/em><\/p>\n<p><!-- \/wp:paragraph -->\n\n<!-- wp:paragraph --><\/p>\n<p><strong>Objectif 2 <\/strong>&#8211;\u00a0 \u00a0 F\u00e9d\u00e9rer, mutualiser et faciliter par la compl\u00e9mentarit\u00e9 des comp\u00e9tences et des exp\u00e9riences les diff\u00e9rents organismes partenaires du territoire travaillant sur l\u2019alimentation durable et la sant\u00e9 \u2194 <em>Centralisateur et courroie de transmission.<\/em><\/p>\n<p><!-- \/wp:paragraph -->\n\n<!-- wp:paragraph --><\/p>\n<p>Pour atteindre cet objectif\u00a0:<\/p>\n<p><!-- \/wp:paragraph -->\n\n<!-- wp:paragraph --><\/p>\n<p>La Co-construction d\u2019un laboratoire, vitrine et futur mod\u00e8le centralisateur d&rsquo;actions coordonn\u00e9es de sensibilisation et d&rsquo;\u00e9ducation \u00e0 l&rsquo;alimentation durable et inclusive \u00e0 l\u2019\u00e9chelle de la Province sera men\u00e9.<\/p>\n<p><!-- \/wp:paragraph -->\n\n<!-- wp:paragraph --><\/p>\n<p><strong>Objectif 3 <\/strong>&#8211;\u00a0Sensibiliser et former en d\u00e9veloppant l\u2019acc\u00e8s \u00e0 un apprentissage pratique, th\u00e9orique et inclusif \u00e0 l\u2019alimentation durable dans ses multiples dimensions (environnementale, sant\u00e9, sociale, \u2026) \u2194\u00a0<em>Communicateur\/ formateur.<\/em><\/p>\n<p><!-- \/wp:paragraph -->\n\n<!-- wp:paragraph --><\/p>\n<p>Pour atteindre cet objectif, la MAD remplira 4 missions prioritaires :<\/p>\n<p><!-- \/wp:paragraph -->\n\n<!-- wp:list --><\/p>\n<ul>\n<li style=\"list-style-type: none;\">\n<ul><!-- wp:list-item --><\/ul>\n<\/li>\n<\/ul>\n<p>&nbsp;<\/p>\n<ul>\n<li style=\"list-style-type: none;\">\n<ul>\n<li>Lever les freins et favoriser l\u2019acc\u00e8s pour tous \u00e0 une alimentation saine et durable ;<\/li>\n<\/ul>\n<\/li>\n<\/ul>\n<p><!-- \/wp:list-item -->\n\n<!-- wp:list-item --><\/p>\n<ul>\n<li style=\"list-style-type: none;\">\n<ul>\n<li>Favoriser l\u2019apprentissage de l\u2019alimentation saine et durable par la pratique ;<\/li>\n<\/ul>\n<\/li>\n<\/ul>\n<p><!-- \/wp:list-item -->\n\n<!-- wp:list-item --><\/p>\n<ul>\n<li style=\"list-style-type: none;\">\n<ul>\n<li>Valoriser les comp\u00e9tences et renforcer le pouvoir d\u2019agir par elles-m\u00eames des personnes ;<\/li>\n<\/ul>\n<\/li>\n<\/ul>\n<p><!-- \/wp:list-item -->\n\n<!-- wp:list-item --><\/p>\n<ul>\n<li style=\"list-style-type: none;\">\n<ul>\n<li>Aller au contact des publics plus \u00e9loign\u00e9s a priori de l\u2019alimentation saine et durable.\u00a0<\/li>\n<\/ul>\n<\/li>\n<\/ul>\n<p><!-- \/wp:list-item --><\/p>\n<p><!-- \/wp:list -->\n\n<!-- wp:paragraph --><\/p>\n<p><!-- \/wp:paragraph -->\n\n<!-- wp:paragraph --><\/p>\n<p><strong>Objectif 4 <\/strong>&#8211;\u00a0Soutenir les producteurs locaux en augmentant la demande de l\u2019alimentation durable locale et en circuit-court.<\/p>\n<p><!-- \/wp:paragraph -->\n\n<!-- wp:paragraph --><\/p>\n<p>Pour atteindre cet objectif\u00a0:<\/p>\n<p><!-- \/wp:paragraph -->\n\n<!-- wp:list --><\/p>\n<ul>\n<li style=\"list-style-type: none;\">\n<ul><!-- wp:list-item --><\/ul>\n<\/li>\n<\/ul>\n<p>&nbsp;<\/p>\n<ul>\n<li style=\"list-style-type: none;\">\n<ul>\n<li>Se fera entre autres \u00e0 travers la conscientisation des consommateurs sur les enjeux de l&rsquo;agriculture et de l&rsquo;alimentation durable et sur les liens avec la sant\u00e9, notamment par la valorisation des outils existants et la cr\u00e9ation de nouveaux modules p\u00e9dagogiques, visant \u00e0 favoriser un choix \u00e9clair\u00e9 du consomm\u2019acteur.<\/li>\n<\/ul>\n<\/li>\n<\/ul>\n<p><!-- \/wp:list-item -->\n\n<!-- wp:list-item --><\/p>\n<ul>\n<li style=\"list-style-type: none;\">\n<ul>\n<li>En soutenant les productrices, producteurs locaux acteurs d\u2019une agriculture durable, par la valorisation, la recherche, la reproduction ou la cr\u00e9ation d&rsquo;outils favorisant l&rsquo;inclusion de consommateurs \u00e9loign\u00e9s de ce type de produits.<\/li>\n<\/ul>\n<\/li>\n<\/ul>\n<p><!-- \/wp:list-item -->\n\n<!-- wp:list-item --><\/p>\n<ul>\n<li style=\"list-style-type: none;\">\n<ul>\n<li>En augmentant le nombre de consomm\u2019acteurs afin d\u2019y inclure les publics habituellement \u00e9loign\u00e9s de l\u2019alimentation durable.<\/li>\n<\/ul>\n<\/li>\n<\/ul>\n<p><!-- \/wp:list-item -->\n\n<!-- wp:list-item --><\/p>\n<ul>\n<li style=\"list-style-type: none;\">\n<ul>\n<li>En cr\u00e9ant du lien humain entre les producteurs de la Province et les mangeurs du territoire.<\/li>\n<\/ul>\n<\/li>\n<\/ul>\n<p><!-- \/wp:list-item --><\/p>\n<p><!-- \/wp:list -->\n\n<!-- wp:paragraph --><\/p>\n<p><!-- \/wp:paragraph -->\n\n<!-- wp:paragraph --><\/p>\n<p><strong>Objectif 5<\/strong> &#8211; Favoriser l\u2019accessibilit\u00e9 \u00e0 une alimentation durable, y compris des familles et personnes en situation de pr\u00e9carit\u00e9.<\/p>\n<p><!-- \/wp:paragraph -->\n\n<!-- wp:list --><\/p>\n<ul>\n<li style=\"list-style-type: none;\">\n<ul><!-- wp:list-item --><\/ul>\n<\/li>\n<\/ul>\n<p>&nbsp;<\/p>\n<ul>\n<li style=\"list-style-type: none;\">\n<ul>\n<li>En se questionnant collectivement, public et op\u00e9rateurs confondus, sur les possibilit\u00e9s de manger \u00e0 sa faim quand on a tr\u00e8s peu de moyens, mais \u00e9galement sur les freins, les difficult\u00e9s et les attentes des uns et des autres par rapport \u00e0 l\u2019offre d\u2019aide alimentaire.<\/li>\n<\/ul>\n<\/li>\n<\/ul>\n<p><!-- \/wp:list-item -->\n\n<!-- wp:list-item --><\/p>\n<ul>\n<li style=\"list-style-type: none;\">\n<ul>\n<li>En co-construisant des pistes de solutions<\/li>\n<\/ul>\n<\/li>\n<\/ul>\n<p><!-- \/wp:list-item --><\/p>\n<p><!-- \/wp:list -->\n\n<!-- wp:paragraph --><\/p>\n<p><strong>\u00a0<\/strong><\/p>\n<p><!-- \/wp:paragraph -->\n\n<!-- wp:paragraph --><\/p>\n<p><!-- \/wp:paragraph --><\/p>\t\t\t\t\t\t\t\t<\/div>\n\t\t\t\t<\/div>\n\t\t\t\t\t<\/div>\n\t\t<\/div>\n\t\t\t\t\t<\/div>\n\t\t<\/section>\n\t\t\t\t<\/div>\n\t\t","protected":false},"excerpt":{"rendered":"<p>A l&rsquo;instar des projets li\u00e9geois et Carolo, Namur s&rsquo;est donn\u00e9 pareil outil de sensibilisation au grand public : une maison de l&rsquo;alimentation. Plus qu&rsquo;un simple comptoir d&rsquo;information comme le sont, par exemple, les Comptoirs de l&rsquo;\u00e9nergie, la MAD sera un lieu d&rsquo;information, de formation et d&rsquo;animation. Si le projet est \u00e0 l&rsquo;initiative de la Province de Namur, il est coordonn\u00e9 [&hellip;]<\/p>\n","protected":false},"author":1,"featured_media":0,"parent":0,"menu_order":0,"comment_status":"closed","ping_status":"closed","template":"","meta":{"footnotes":""},"class_list":["post-998","page","type-page","status-publish","hentry"],"_links":{"self":[{"href":"http:\/\/ceinturealimentairenamuroise.be\/index.php?rest_route=\/wp\/v2\/pages\/998","targetHints":{"allow":["GET"]}}],"collection":[{"href":"http:\/\/ceinturealimentairenamuroise.be\/index.php?rest_route=\/wp\/v2\/pages"}],"about":[{"href":"http:\/\/ceinturealimentairenamuroise.be\/index.php?rest_route=\/wp\/v2\/types\/page"}],"author":[{"embeddable":true,"href":"http:\/\/ceinturealimentairenamuroise.be\/index.php?rest_route=\/wp\/v2\/users\/1"}],"replies":[{"embeddable":true,"href":"http:\/\/ceinturealimentairenamuroise.be\/index.php?rest_route=%2Fwp%2Fv2%2Fcomments&post=998"}],"version-history":[{"count":42,"href":"http:\/\/ceinturealimentairenamuroise.be\/index.php?rest_route=\/wp\/v2\/pages\/998\/revisions"}],"predecessor-version":[{"id":1930,"href":"http:\/\/ceinturealimentairenamuroise.be\/index.php?rest_route=\/wp\/v2\/pages\/998\/revisions\/1930"}],"wp:attachment":[{"href":"http:\/\/ceinturealimentairenamuroise.be\/index.php?rest_route=%2Fwp%2Fv2%2Fmedia&parent=998"}],"curies":[{"name":"wp","href":"https:\/\/api.w.org\/{rel}","templated":true}]}}