{"id":41,"date":"2023-02-27T10:01:10","date_gmt":"2023-02-27T09:01:10","guid":{"rendered":"http:\/\/ceinturealimentairenamuroise.be\/?page_id=41"},"modified":"2024-02-02T16:40:02","modified_gmt":"2024-02-02T15:40:02","slug":"resilience-territoriale","status":"publish","type":"page","link":"http:\/\/ceinturealimentairenamuroise.be\/?page_id=41","title":{"rendered":"R\u00e9silience territoriale"},"content":{"rendered":"\n<p><a rel=\"noreferrer noopener\" href=\"https:\/\/p9.storage.canalblog.com\/90\/53\/1665034\/130171319_o.jpg\" target=\"_blank\"><\/a><\/p>\n\n\n<div class=\"wp-block-image\">\n<figure class=\"aligncenter size-full is-resized\"><img fetchpriority=\"high\" decoding=\"async\" width=\"759\" height=\"697\" src=\"http:\/\/ceinturealimentairenamuroise.be\/wp-content\/uploads\/2024\/02\/boussole_complete_v2.png\" alt=\"\" class=\"wp-image-703\" style=\"width:200px;height:181px\" srcset=\"http:\/\/ceinturealimentairenamuroise.be\/wp-content\/uploads\/2024\/02\/boussole_complete_v2.png 759w, http:\/\/ceinturealimentairenamuroise.be\/wp-content\/uploads\/2024\/02\/boussole_complete_v2-300x275.png 300w\" sizes=\"(max-width: 759px) 100vw, 759px\" \/><\/figure>\n<\/div>\n\n\n<p>Dans notre secteur, nous serions tent\u00e9s de parler de R\u00e9silience alimentaire&#8230;<\/p>\n\n\n\n<p>Mais apr\u00e8s r\u00e9flexion,&nbsp; il est clair que de travailler en silos n&rsquo;est pas la solution. Car si le regard doit \u00eatre syst\u00e9mique, la solution recherch\u00e9e est une capacit\u00e9 de d\u00e9passer un traumatisme global que l&rsquo;on d\u00e9crit souvent comme un effondrement des syst\u00e8mes, voire une s\u00e9rie d&rsquo;effondrements d\u00e9j\u00e0 en cours, et ce au niveau d&rsquo;un territoire.<\/p>\n\n\n\n<p>Si donc, on peut envisager que l&rsquo;on entre en transition dans le secteur de l&rsquo;alimentation, de sorte \u00e0 atteindre un degr\u00e9 suffisant de r\u00e9silience, on doit le faire dans divers domaines. En conclusion, c&rsquo;est l&rsquo;ensemble d&rsquo;un territoire qui vise \u00e0 atteindre la r\u00e9silience&#8230; celle-ci est donc plut\u00f4t une r\u00e9silience territoriale d\u00e9clin\u00e9e \u00e0 travers divers secteurs d&rsquo;activit\u00e9s : alimentaire, \u00e9nerg\u00e9tique&#8230;<\/p>\n\n\n\n<hr class=\"wp-block-separator has-alpha-channel-opacity\"\/>\n\n\n\n<p>Pour nourrir la r\u00e9flexion sur ce th\u00e8me :<\/p>\n\n\n\n<p>&#8211; le Cerema pr\u00e9sente sa \u00ab\u00a0<a href=\"https:\/\/www.cerema.fr\/fr\/actualites\/boussole-resilience-adaptation-territoires-mode-emploi-du\" target=\"_blank\" rel=\"noreferrer noopener\">Boussole de la r\u00e9silience<\/a>\u00ab\u00a0, un cadre d&rsquo;action destin\u00e9 \u00e0 renforcer l&rsquo;adaptation des territoires aux diff\u00e9rents \u00e9v\u00e9nements qui peuvent survenir.<\/p>\n\n\n\n<p>&#8211; Utopies &#8211; Note12 ) CNJM <a href=\"https:\/\/www.utopies.com\/wp-content\/uploads\/2019\/12\/autonomie-alimentaire-des-villes-notedeposition12.pdf\" target=\"_blank\" rel=\"noreferrer noopener\">Autonomie alimentaire des villes<\/a>, Etat des lieux et enjeux des fili\u00e8res agro-alimentaires<\/p>\n\n\n\n<p>&#8211; Les greniers d&rsquo;abondance &#8211; <a rel=\"noreferrer noopener\" href=\"https:\/\/resiliencealimentaire.org\/wp-content\/uploads\/2021\/01\/VersLaResilienceAlimentaire-DigitaleVersion-HD-1.pdf\" target=\"_blank\">Vers la r\u00e9silience alimentaire<\/a> &#8211; Faire face aux menaces globales \u00e0 l&rsquo;\u00e9chelle des territoires.<\/p>\n\n\n\n<ul class=\"wp-block-list\">\n<li>Voir aussi l&rsquo;onglet \u00ab\u00a0Calculateur de la r\u00e9silience en Wallonie\u00a0\u00bb et la page \u00ab\u00a0R\u00e9silience\u00a0\u00bb dans le menu  \u00ab\u00a0Ressources\u00a0\u00bb<\/li>\n<\/ul>\n\n\n\n<hr class=\"wp-block-separator has-alpha-channel-opacity\"\/>\n\n\n\n<p><strong>[R\u00e9silience territoriale] avec Arthur Keller <\/strong>&#8211; Session des 15, 16 et 17 novembre 2021<\/p>\n\n\n\n<p>De plus en plus conscients de la n\u00e9cessit\u00e9 d\u2019un changement profond de nos modes de vie, les associations <a href=\"https:\/\/www.facebook.com\/Reseaudecollectifsenrecherchederesilience\/?__cft__[0]=AZXkwuVk2x96E05zPZW_teAzf0a4pW0Fz8Y3Gd-rK8E2uWhpLKp7BBH5oKTEuMfwLF9do5SID4FFEPC11A3dejqWGRC9wacxS892XoCN92nKo33YqXIhpQjnLgL-x7x2CwujGpvUH_5RK0uKIRh9h6Hg&amp;__tn__=kK-R\">RCR\u00b2 &#8211; R\u00e9seau de Collectifs en Recherche de R\u00e9silience<\/a>, <a href=\"https:\/\/www.facebook.com\/amisdelaterre.be\/?__cft__[0]=AZXkwuVk2x96E05zPZW_teAzf0a4pW0Fz8Y3Gd-rK8E2uWhpLKp7BBH5oKTEuMfwLF9do5SID4FFEPC11A3dejqWGRC9wacxS892XoCN92nKo33YqXIhpQjnLgL-x7x2CwujGpvUH_5RK0uKIRh9h6Hg&amp;__tn__=kK-R\">Les Amis de la Terre-Belgique<\/a>, <a href=\"https:\/\/www.facebook.com\/sebastian.kannas.9?__cft__[0]=AZXkwuVk2x96E05zPZW_teAzf0a4pW0Fz8Y3Gd-rK8E2uWhpLKp7BBH5oKTEuMfwLF9do5SID4FFEPC11A3dejqWGRC9wacxS892XoCN92nKo33YqXIhpQjnLgL-x7x2CwujGpvUH_5RK0uKIRh9h6Hg&amp;__tn__=-]K-R\">Rdc Continents<\/a>, <a href=\"https:\/\/www.facebook.com\/iew.be\/?__cft__[0]=AZXkwuVk2x96E05zPZW_teAzf0a4pW0Fz8Y3Gd-rK8E2uWhpLKp7BBH5oKTEuMfwLF9do5SID4FFEPC11A3dejqWGRC9wacxS892XoCN92nKo33YqXIhpQjnLgL-x7x2CwujGpvUH_5RK0uKIRh9h6Hg&amp;__tn__=kK-R\">Inter Environnement Wallonie Asbl &#8211; IEW<\/a>, <a href=\"https:\/\/www.facebook.com\/ITECO-155306701196747\/?__cft__[0]=AZXkwuVk2x96E05zPZW_teAzf0a4pW0Fz8Y3Gd-rK8E2uWhpLKp7BBH5oKTEuMfwLF9do5SID4FFEPC11A3dejqWGRC9wacxS892XoCN92nKo33YqXIhpQjnLgL-x7x2CwujGpvUH_5RK0uKIRh9h6Hg&amp;__tn__=kK-R\">ITECO<\/a>, <a href=\"https:\/\/www.facebook.com\/reseauidee\/?__cft__[0]=AZXkwuVk2x96E05zPZW_teAzf0a4pW0Fz8Y3Gd-rK8E2uWhpLKp7BBH5oKTEuMfwLF9do5SID4FFEPC11A3dejqWGRC9wacxS892XoCN92nKo33YqXIhpQjnLgL-x7x2CwujGpvUH_5RK0uKIRh9h6Hg&amp;__tn__=kK-R\">R\u00e9seau ID\u00e9e asbl<\/a>, <a href=\"https:\/\/www.facebook.com\/CONECT.IEP\/?__cft__[0]=AZXkwuVk2x96E05zPZW_teAzf0a4pW0Fz8Y3Gd-rK8E2uWhpLKp7BBH5oKTEuMfwLF9do5SID4FFEPC11A3dejqWGRC9wacxS892XoCN92nKo33YqXIhpQjnLgL-x7x2CwujGpvUH_5RK0uKIRh9h6Hg&amp;__tn__=kK-R\">CIEP<\/a>, <a href=\"https:\/\/www.facebook.com\/Les-Passeurs-Asbl-539691503617803\/?__cft__[0]=AZXkwuVk2x96E05zPZW_teAzf0a4pW0Fz8Y3Gd-rK8E2uWhpLKp7BBH5oKTEuMfwLF9do5SID4FFEPC11A3dejqWGRC9wacxS892XoCN92nKo33YqXIhpQjnLgL-x7x2CwujGpvUH_5RK0uKIRh9h6Hg&amp;__tn__=kK-R\">Les Passeurs<\/a>, <a href=\"https:\/\/www.facebook.com\/louvaincooperation\/?__cft__[0]=AZXkwuVk2x96E05zPZW_teAzf0a4pW0Fz8Y3Gd-rK8E2uWhpLKp7BBH5oKTEuMfwLF9do5SID4FFEPC11A3dejqWGRC9wacxS892XoCN92nKo33YqXIhpQjnLgL-x7x2CwujGpvUH_5RK0uKIRh9h6Hg&amp;__tn__=kK-R\">Louvain Coop\u00e9ration<\/a>, <a href=\"https:\/\/www.facebook.com\/maisondd.OLLN\/?__cft__[0]=AZXkwuVk2x96E05zPZW_teAzf0a4pW0Fz8Y3Gd-rK8E2uWhpLKp7BBH5oKTEuMfwLF9do5SID4FFEPC11A3dejqWGRC9wacxS892XoCN92nKo33YqXIhpQjnLgL-x7x2CwujGpvUH_5RK0uKIRh9h6Hg&amp;__tn__=kK-R\">Maison Du D\u00e9veloppement Durable<\/a>, <a href=\"https:\/\/www.facebook.com\/SCIProjetsinternationaux\/?__cft__[0]=AZXkwuVk2x96E05zPZW_teAzf0a4pW0Fz8Y3Gd-rK8E2uWhpLKp7BBH5oKTEuMfwLF9do5SID4FFEPC11A3dejqWGRC9wacxS892XoCN92nKo33YqXIhpQjnLgL-x7x2CwujGpvUH_5RK0uKIRh9h6Hg&amp;__tn__=kK-R\">SCI-Projets Internationaux<\/a>, <a href=\"https:\/\/www.facebook.com\/maisonecologieNamur\/?__cft__[0]=AZXkwuVk2x96E05zPZW_teAzf0a4pW0Fz8Y3Gd-rK8E2uWhpLKp7BBH5oKTEuMfwLF9do5SID4FFEPC11A3dejqWGRC9wacxS892XoCN92nKo33YqXIhpQjnLgL-x7x2CwujGpvUH_5RK0uKIRh9h6Hg&amp;__tn__=kK-R\">La Maison de l&rsquo;\u00c9cologie<\/a> s\u2019organisent pour construire un cycle de conf\u00e9rences et d\u2019ateliers \u00e0 m\u00eame de les outiller pour :<\/p>\n\n\n\n<ul class=\"wp-block-list\">\n<li>Disposer de diagnostics lucides sur l&rsquo;\u00e9tat de notre plan\u00e8te et la d\u00e9t\u00e9rioration en cours de son habitabilit\u00e9 ;<\/li>\n<\/ul>\n\n\n\n<ul class=\"wp-block-list\">\n<li>D\u00e9velopper notre capacit\u00e9 \u00e0 construire des r\u00e9cits inspirants ancr\u00e9s dans ces diagnostics ;<\/li>\n<\/ul>\n\n\n\n<ul class=\"wp-block-list\">\n<li>Entrainer un savoir-faire en mati\u00e8re de r\u00e9silience territoriale suffisamment concret pour mobiliser l\u2019\u00e9nergie et l\u2019imagination de celles et ceux qui partagent ces pr\u00e9occupations.<\/li>\n<\/ul>\n\n\n\n<p>Et ce, afin d\u2019inventer ensemble de nouveaux modes de vie \u00e9cologiquement r\u00e9silients ! Les 15, 16 et 17 novembre, ces journ\u00e9es ont brass\u00e9 les id\u00e9es de personnes issues d&rsquo;une vingtaine d\u2019associations actives dans la Province de Namur en Belgique.<\/p>\n\n\n\n<p>Envie de vous inspirer de cette exp\u00e9rience ?<\/p>\n\n\n\n<figure class=\"wp-block-embed is-type-video is-provider-youtube wp-block-embed-youtube wp-embed-aspect-16-9 wp-has-aspect-ratio\"><div class=\"wp-block-embed__wrapper\">\n<iframe title=\"Crises syst\u00e9miques et r\u00e9silience territoriale par Arthur Keller (1\u00e8re partie)\" width=\"640\" height=\"360\" src=\"https:\/\/www.youtube.com\/embed\/Ouw1t-x97Oo?feature=oembed\" frameborder=\"0\" allow=\"accelerometer; autoplay; clipboard-write; encrypted-media; gyroscope; picture-in-picture; web-share\" referrerpolicy=\"strict-origin-when-cross-origin\" allowfullscreen><\/iframe>\n<\/div><\/figure>\n\n\n\n<p>[VIDEO 1] Avec \u00ab\u00a0Crises syst\u00e9miques et r\u00e9silience territoriale\u00a0\u00bb, vous pourrez prendre la mesure de la situation dans toute sa complexit\u00e9 gr\u00e2ce au diagnostic d&rsquo;Arthur Keller ;<\/p>\n\n\n\n<figure class=\"wp-block-embed is-type-video is-provider-youtube wp-block-embed-youtube wp-embed-aspect-16-9 wp-has-aspect-ratio\"><div class=\"wp-block-embed__wrapper\">\n<iframe title=\"Ateliers de r\u00e9silience territoriale avec Arthur Keller (2\u00e8me partie)\" width=\"640\" height=\"360\" src=\"https:\/\/www.youtube.com\/embed\/8Ca9CqKDrTs?feature=oembed\" frameborder=\"0\" allow=\"accelerometer; autoplay; clipboard-write; encrypted-media; gyroscope; picture-in-picture; web-share\" referrerpolicy=\"strict-origin-when-cross-origin\" allowfullscreen><\/iframe>\n<\/div><\/figure>\n\n\n\n<p>[VIDEO 2] Et avec \u00ab\u00a0Ateliers de r\u00e9silience territoriale\u00a0\u00bb vous pourrez plonger dans la dynamique de la journ\u00e9e, en voir les principaux m\u00e9canismes et voir avoir une id\u00e9e des projets que ces ateliers ont pu susciter.<\/p>\n\n\n\n<p><img decoding=\"async\" src=\"https:\/\/www.facebook.com\/images\/emoji.php\/v9\/taa\/1.5\/16\/1f449.png\" alt=\"\ud83d\udc49\" width=\"16\" height=\"16\"> Pour toutes questions sur le processus propos\u00e9, \u00e9crivez-nous \u00e0 info@asblrcr.be<\/p>\n","protected":false},"excerpt":{"rendered":"<p>Dans notre secteur, nous serions tent\u00e9s de parler de R\u00e9silience alimentaire&#8230; Mais apr\u00e8s r\u00e9flexion,&nbsp; il est clair que de travailler en silos n&rsquo;est pas la solution. Car si le regard doit \u00eatre syst\u00e9mique, la solution recherch\u00e9e est une capacit\u00e9 de d\u00e9passer un traumatisme global que l&rsquo;on d\u00e9crit souvent comme un effondrement des syst\u00e8mes, voire une s\u00e9rie d&rsquo;effondrements d\u00e9j\u00e0 en cours, [&hellip;]<\/p>\n","protected":false},"author":1,"featured_media":0,"parent":0,"menu_order":0,"comment_status":"closed","ping_status":"closed","template":"","meta":{"footnotes":""},"class_list":["post-41","page","type-page","status-publish","hentry"],"_links":{"self":[{"href":"http:\/\/ceinturealimentairenamuroise.be\/index.php?rest_route=\/wp\/v2\/pages\/41","targetHints":{"allow":["GET"]}}],"collection":[{"href":"http:\/\/ceinturealimentairenamuroise.be\/index.php?rest_route=\/wp\/v2\/pages"}],"about":[{"href":"http:\/\/ceinturealimentairenamuroise.be\/index.php?rest_route=\/wp\/v2\/types\/page"}],"author":[{"embeddable":true,"href":"http:\/\/ceinturealimentairenamuroise.be\/index.php?rest_route=\/wp\/v2\/users\/1"}],"replies":[{"embeddable":true,"href":"http:\/\/ceinturealimentairenamuroise.be\/index.php?rest_route=%2Fwp%2Fv2%2Fcomments&post=41"}],"version-history":[{"count":6,"href":"http:\/\/ceinturealimentairenamuroise.be\/index.php?rest_route=\/wp\/v2\/pages\/41\/revisions"}],"predecessor-version":[{"id":711,"href":"http:\/\/ceinturealimentairenamuroise.be\/index.php?rest_route=\/wp\/v2\/pages\/41\/revisions\/711"}],"wp:attachment":[{"href":"http:\/\/ceinturealimentairenamuroise.be\/index.php?rest_route=%2Fwp%2Fv2%2Fmedia&parent=41"}],"curies":[{"name":"wp","href":"https:\/\/api.w.org\/{rel}","templated":true}]}}