{"id":296,"date":"2023-03-03T16:23:01","date_gmt":"2023-03-03T15:23:01","guid":{"rendered":"http:\/\/ceinturealimentairenamuroise.be\/?page_id=296"},"modified":"2023-03-27T17:12:20","modified_gmt":"2023-03-27T15:12:20","slug":"filiere-fromagere-etude-de-cas","status":"publish","type":"page","link":"http:\/\/ceinturealimentairenamuroise.be\/?page_id=296","title":{"rendered":"Fili\u00e8re fromag\u00e8re &#8211; Etude de cas"},"content":{"rendered":"\t\t<div data-elementor-type=\"wp-page\" data-elementor-id=\"296\" class=\"elementor elementor-296\">\n\t\t\t\t\t\t<section class=\"elementor-section elementor-top-section elementor-element elementor-element-11da1b96 elementor-section-boxed elementor-section-height-default elementor-section-height-default\" data-id=\"11da1b96\" data-element_type=\"section\" data-e-type=\"section\">\n\t\t\t\t\t\t<div class=\"elementor-container elementor-column-gap-default\">\n\t\t\t\t\t<div class=\"elementor-column elementor-col-100 elementor-top-column elementor-element elementor-element-38af4f40\" data-id=\"38af4f40\" data-element_type=\"column\" data-e-type=\"column\">\n\t\t\t<div class=\"elementor-widget-wrap elementor-element-populated\">\n\t\t\t\t\t\t<div class=\"elementor-element elementor-element-62f18c1c elementor-widget elementor-widget-text-editor\" data-id=\"62f18c1c\" data-element_type=\"widget\" data-e-type=\"widget\" data-widget_type=\"text-editor.default\">\n\t\t\t\t<div class=\"elementor-widget-container\">\n\t\t\t\t\t\t\t\t\t<p><\/p>\n<div style=\"grid-template-columns: 18% auto;\">\n<figure><\/figure>\n<div>\n<p><\/p>\n<p><img fetchpriority=\"high\" decoding=\"async\" src=\"http:\/\/ceinturealimentairenamuroise.be\/wp-content\/uploads\/2023\/03\/pascaline-240x300.png\" alt=\"\" width=\"240\" height=\"300\">Pascaline de DORLODOT (ICHEC &#8211; Master en gestion de l&rsquo;entreprise) a \u00e9tudi\u00e9 l&rsquo;organisation de la fili\u00e8re fromag\u00e8re namuroise pour faire \u00e9merger des orientations favorables \u00e0 son d\u00e9veloppement.<\/p>\n<p><\/p><p><\/p>\n<\/div>\n<\/div>\n<p><\/p>\n<p><\/p>\n<p>__________________________________________<br>Ci-dessous, un r\u00e9sum\u00e9 et un lien pour en savoir plus<\/p>\n<p><\/p>\n<p><strong>Les circuits courts alimentaires : freins \u00e0 leur d\u00e9veloppement et recherche de solutions.<\/strong><\/p>\n<p><\/p>\n<p><\/p>\n<p>https:\/\/www.coof.be\/De nombreuses alternatives au syst\u00e8me agroalimentaire conventionnel tentent de r\u00e9duire le nombre d\u2019interm\u00e9diaires dans la cha\u00eene alimentaire et de rapprocher consommateurs et producteurs d\u2019un point de vue g\u00e9ographique mais \u00e9galement relationnel. Le terme \u201ccircuit court de proximit\u00e9\u201d est utilis\u00e9 pour d\u00e9signer cette alternative au syst\u00e8me agroalimentaire conventionnel. Afin d\u2019am\u00e9liorer la mise en r\u00e9seau et la professionnalisation de ces initiatives visant \u00e0 \u00e9voluer vers les circuits courts, des ceintures alimentaires ont \u00e9t\u00e9 imagin\u00e9es. Celles-ci permettent,entre autres, de f\u00e9d\u00e9rer, sur un territoire donn\u00e9, tous les acteurs impliqu\u00e9s dans le circuit alimentaire. Pour pouvoir les aider efficacement, les ceintures alimentaires doivent dans un premier temps comprendre les besoins sp\u00e9cifiques de chacun des acteurs implant\u00e9s sur le territoire.<\/p>\n<p><\/p>\n<p>Ce m\u00e9moire a pour but d\u2019aider la Ceinture Alimentaire Namuroise \u00e0 mieux percevoir les enjeux logistiques rencontr\u00e9s par les producteurs fromagers namurois dans la distribution en circuits courts et de proposer des solutions qui peuvent faciliter cette logistique. Une vingtaine d\u2019entretiens semi-dirig\u00e9s ont \u00e9t\u00e9 effectu\u00e9s aupr\u00e8s des producteurs fromagers, d\u2019interm\u00e9diaires et de sp\u00e9cialistes afin de d\u00e9couvrir les freins les plus fr\u00e9quents et les plus importants pour les producteurs,ainsi que les leviers qui peuvent \u00eatre mis en place.<\/p>\n<p><\/p>\n<p>Les enjeux logistiques principaux qui sont ressortis de nos enqu\u00eates semblent \u00eatre, tout d\u2019abord, la pluralit\u00e9 des m\u00e9tiers qui doivent \u00eatre exerc\u00e9s par les producteurs fromagers. Nombre d\u2019entre eux sont en effet \u00e9leveurs, mais aussi agriculteurs pour nourrir leur cheptel, transformateurs fromagers, livreurs pour amener leurs produits aux diff\u00e9rents points de vente ; ils sont parfois \u00e9galement vendeurs et charg\u00e9s de g\u00e9rer eux-m\u00eames la communication et le marketing de leur \u00e9picerie. Un second enjeu primordial est la difficult\u00e9 qu\u2019ont ces producteurs de trouver des fili\u00e8res pour \u00e9couler leur production alors que les quantit\u00e9s produites sont insuffisantes pour passer par un grossiste ou par la grande distribution. Evaluer le co\u00fbt r\u00e9el de la logistique, un troisi\u00e8me enjeu, repr\u00e9sente une grosse difficult\u00e9 pour les producteurs, car ce co\u00fbt doit tenir compte du temps consacr\u00e9 aux livraisons ou \u00e0 la vente. Finalement, le dernier d\u00e9fi relev\u00e9 lors de nos entretiens est la planification de la quantit\u00e9 \u00e0 produire, la date limite de conservation<\/p>\n<p><\/p>\n<p>des fromages accentuant cet enjeu.<\/p>\n<p><\/p>\n<p>Pour chaque obstacle, des solutions ont \u00e9t\u00e9 identifi\u00e9es pour faciliter la logistique des producteurs fromagers. Une solution permettant de r\u00e9duire l\u2019enjeu des nombreux m\u00e9tiers exerc\u00e9s par les producteurs est la mutualisation de la production, du transport et\/ou de la vente. Le syst\u00e8me des \u00ab fruiti\u00e8res \u00bb en France mutualise par exemple l\u2019achat du mat\u00e9riel, la main d\u2019\u0153uvre pour la production, les livraisons et la vente pour les producteurs de la r\u00e9gion. Plusieurs GAL wallons se sont inspir\u00e9s de ce syst\u00e8me pour lancer des initiatives de mutualisation de la production. Un exemple de mutualisation du transport sont les plateformes logistiques. Les plateformes R\u00e9seau Solidairement et Made in BW r\u00e9alisent des tourn\u00e9es d\u2019enl\u00e8vement pour r\u00e9cup\u00e9rer les produits de la r\u00e9gion et les livrent ensuite aux magasins et restaurants locaux. Finalement, la mutualisation de la vente rencontre un grand succ\u00e8s, particuli\u00e8rement depuis la crise sanitaire du coronavirus (analys\u00e9e dans une section particuli\u00e8re) qui a fait cro\u00eetre les ventes en circuits courts de mani\u00e8re exceptionnelle. Trois coop\u00e9ratives namuroises, Paysans-Artisans, Agricovert et Cocoricoop, rassemblent diff\u00e9rents producteurs de la r\u00e9gion et assurent l\u2019\u00e9coulement d\u2019une grosse partie de leur production, tout en permettant aux producteurs de rester focalis\u00e9s sur leurs m\u00e9tiers primaires.<\/p>\n<p><\/p>\n<p>Vous d\u00e9couvrirez dans ce m\u00e9moire, de mani\u00e8re d\u00e9taill\u00e9e, les enjeux principaux pour les producteurs fromagers namurois distribuant en circuits courts et les solutions qui peuvent \u00eatre mises en place.<\/p>\n<p><\/p>\n<p><a href=\"https:\/\/p9.storage.canalblog.com\/93\/86\/1665034\/127666227.pdf\">Cliquez pour t\u00e9l\u00e9charger le m\u00e9moire complet<\/a><\/p>\n<p><\/p>\t\t\t\t\t\t\t\t<\/div>\n\t\t\t\t<\/div>\n\t\t\t\t\t<\/div>\n\t\t<\/div>\n\t\t\t\t\t<\/div>\n\t\t<\/section>\n\t\t\t\t<\/div>\n\t\t","protected":false},"excerpt":{"rendered":"<p>Pascaline de DORLODOT (ICHEC &#8211; Master en gestion de l&rsquo;entreprise) a \u00e9tudi\u00e9 l&rsquo;organisation de la fili\u00e8re fromag\u00e8re namuroise pour faire \u00e9merger des orientations favorables \u00e0 son d\u00e9veloppement. __________________________________________Ci-dessous, un r\u00e9sum\u00e9 et un lien pour en savoir plus Les circuits courts alimentaires : freins \u00e0 leur d\u00e9veloppement et recherche de solutions. https:\/\/www.coof.be\/De nombreuses alternatives au syst\u00e8me agroalimentaire conventionnel tentent de r\u00e9duire [&hellip;]<\/p>\n","protected":false},"author":1,"featured_media":0,"parent":0,"menu_order":0,"comment_status":"closed","ping_status":"closed","template":"","meta":{"footnotes":""},"class_list":["post-296","page","type-page","status-publish","hentry"],"_links":{"self":[{"href":"http:\/\/ceinturealimentairenamuroise.be\/index.php?rest_route=\/wp\/v2\/pages\/296","targetHints":{"allow":["GET"]}}],"collection":[{"href":"http:\/\/ceinturealimentairenamuroise.be\/index.php?rest_route=\/wp\/v2\/pages"}],"about":[{"href":"http:\/\/ceinturealimentairenamuroise.be\/index.php?rest_route=\/wp\/v2\/types\/page"}],"author":[{"embeddable":true,"href":"http:\/\/ceinturealimentairenamuroise.be\/index.php?rest_route=\/wp\/v2\/users\/1"}],"replies":[{"embeddable":true,"href":"http:\/\/ceinturealimentairenamuroise.be\/index.php?rest_route=%2Fwp%2Fv2%2Fcomments&post=296"}],"version-history":[{"count":9,"href":"http:\/\/ceinturealimentairenamuroise.be\/index.php?rest_route=\/wp\/v2\/pages\/296\/revisions"}],"predecessor-version":[{"id":475,"href":"http:\/\/ceinturealimentairenamuroise.be\/index.php?rest_route=\/wp\/v2\/pages\/296\/revisions\/475"}],"wp:attachment":[{"href":"http:\/\/ceinturealimentairenamuroise.be\/index.php?rest_route=%2Fwp%2Fv2%2Fmedia&parent=296"}],"curies":[{"name":"wp","href":"https:\/\/api.w.org\/{rel}","templated":true}]}}

Filière fromagère &#8211; Etude de cas

<div data-elementor-type="wp-page" data-elementor-id="296" class="elementor elementor-296">
						<section class="elementor-section elementor-top-section elementor-element elementor-element-11da1b96 elementor-section-boxed elementor-section-height-default elementor-section-height-default" data-id="11da1b96" data-element_type="section" data-e-type="section">
						<div class="elementor-container elementor-column-gap-default">
					<div class="elementor-column elementor-col-100 elementor-top-column elementor-element elementor-element-38af4f40" data-id="38af4f40" data-element_type="column" data-e-type="column">
			<div class="elementor-widget-wrap elementor-element-populated">
						<div class="elementor-element elementor-element-62f18c1c elementor-widget elementor-widget-text-editor" data-id="62f18c1c" data-element_type="widget" data-e-type="widget" data-widget_type="text-editor.default">
				<div class="elementor-widget-container">
									<p></p>
<div style="grid-template-columns: 18% auto;">
<figure></figure>
<div>
<p></p>
<p><img fetchpriority="high" decoding="async" src="http://ceinturealimentairenamuroise.be/wp-content/uploads/2023/03/pascaline-240x300.png" alt="" width="240" height="300">Pascaline de DORLODOT (ICHEC &#8211; Master en gestion de l&rsquo;entreprise) a étudié l&rsquo;organisation de la filière fromagère namuroise pour faire émerger des orientations favorables à son développement.</p>
<p></p><p></p>
</div>
</div>
<p></p>
<p></p>
<p>__________________________________________<br>Ci-dessous, un résumé et un lien pour en savoir plus</p>
<p></p>
<p><strong>Les circuits courts alimentaires : freins à leur développement et recherche de solutions.</strong></p>
<p></p>
<p></p>
<p>https://www.coof.be/De nombreuses alternatives au système agroalimentaire conventionnel tentent de réduire le nombre d’intermédiaires dans la chaîne alimentaire et de rapprocher consommateurs et producteurs d’un point de vue géographique mais également relationnel. Le terme “circuit court de proximité” est utilisé pour désigner cette alternative au système agroalimentaire conventionnel. Afin d’améliorer la mise en réseau et la professionnalisation de ces initiatives visant à évoluer vers les circuits courts, des ceintures alimentaires ont été imaginées. Celles-ci permettent,entre autres, de fédérer, sur un territoire donné, tous les acteurs impliqués dans le circuit alimentaire. Pour pouvoir les aider efficacement, les ceintures alimentaires doivent dans un premier temps comprendre les besoins spécifiques de chacun des acteurs implantés sur le territoire.</p>
<p></p>
<p>Ce mémoire a pour but d’aider la Ceinture Alimentaire Namuroise à mieux percevoir les enjeux logistiques rencontrés par les producteurs fromagers namurois dans la distribution en circuits courts et de proposer des solutions qui peuvent faciliter cette logistique. Une vingtaine d’entretiens semi-dirigés ont été effectués auprès des producteurs fromagers, d’intermédiaires et de spécialistes afin de découvrir les freins les plus fréquents et les plus importants pour les producteurs,ainsi que les leviers qui peuvent être mis en place.</p>
<p></p>
<p>Les enjeux logistiques principaux qui sont ressortis de nos enquêtes semblent être, tout d’abord, la pluralité des métiers qui doivent être exercés par les producteurs fromagers. Nombre d’entre eux sont en effet éleveurs, mais aussi agriculteurs pour nourrir leur cheptel, transformateurs fromagers, livreurs pour amener leurs produits aux différents points de vente ; ils sont parfois également vendeurs et chargés de gérer eux-mêmes la communication et le marketing de leur épicerie. Un second enjeu primordial est la difficulté qu’ont ces producteurs de trouver des filières pour écouler leur production alors que les quantités produites sont insuffisantes pour passer par un grossiste ou par la grande distribution. Evaluer le coût réel de la logistique, un troisième enjeu, représente une grosse difficulté pour les producteurs, car ce coût doit tenir compte du temps consacré aux livraisons ou à la vente. Finalement, le dernier défi relevé lors de nos entretiens est la planification de la quantité à produire, la date limite de conservation</p>
<p></p>
<p>des fromages accentuant cet enjeu.</p>
<p></p>
<p>Pour chaque obstacle, des solutions ont été identifiées pour faciliter la logistique des producteurs fromagers. Une solution permettant de réduire l’enjeu des nombreux métiers exercés par les producteurs est la mutualisation de la production, du transport et/ou de la vente. Le système des « fruitières » en France mutualise par exemple l’achat du matériel, la main d’œuvre pour la production, les livraisons et la vente pour les producteurs de la région. Plusieurs GAL wallons se sont inspirés de ce système pour lancer des initiatives de mutualisation de la production. Un exemple de mutualisation du transport sont les plateformes logistiques. Les plateformes Réseau Solidairement et Made in BW réalisent des tournées d’enlèvement pour récupérer les produits de la région et les livrent ensuite aux magasins et restaurants locaux. Finalement, la mutualisation de la vente rencontre un grand succès, particulièrement depuis la crise sanitaire du coronavirus (analysée dans une section particulière) qui a fait croître les ventes en circuits courts de manière exceptionnelle. Trois coopératives namuroises, Paysans-Artisans, Agricovert et Cocoricoop, rassemblent différents producteurs de la région et assurent l’écoulement d’une grosse partie de leur production, tout en permettant aux producteurs de rester focalisés sur leurs métiers primaires.</p>
<p></p>
<p>Vous découvrirez dans ce mémoire, de manière détaillée, les enjeux principaux pour les producteurs fromagers namurois distribuant en circuits courts et les solutions qui peuvent être mises en place.</p>
<p></p>
<p><a href="https://p9.storage.canalblog.com/93/86/1665034/127666227.pdf">Cliquez pour télécharger le mémoire complet</a></p>
<p></p>								</div>
				</div>
					</div>
		</div>
					</div>
		</section>
				</div>

<p>Pascaline de DORLODOT (ICHEC &#8211; Master en gestion de l&rsquo;entreprise) a étudié l&rsquo;organisation de la filière fromagère namuroise pour faire émerger des orientations favorables à son développement. __________________________________________Ci-dessous, un résumé et un lien pour en savoir plus Les circuits courts alimentaires : freins à leur développement et recherche de solutions. https://www.coof.be/De nombreuses alternatives au système agroalimentaire conventionnel tentent de réduire [&hellip;]</p>
